t b(m) = m**2 - m - 3. What is b(n)?
3
Let h(v) = v**2 - 3*v**2 + 1 + 3*v**2. Suppose 1 = -5*c + y, 0*c - 3*c - 19 = 4*y. What is h(c)?
2
Let s(a) = a. Let f(u) = u**3 - 6*u**2 - 1. Suppose -4 = -2*v - 2. Let h(l) = v*f(l) + 6*s(l). Suppose 2*j = 8 + 2. Give h(j).
4
Let z(q) be the first derivative of -q**3/3 + 4*q**2 - 5*q - 6. Let k be z(7). Let o(v) = -3*v**2 + 2*v + 2. What is o(k)?
-6
Let t(r) be the second derivative of r**5/20 + r**4/6 - r**3/3 - 3*r**2/2 + 6*r. Give t(-2).
1
Let c(g) = g**2 + 3. Let b(k) = k**2 - 6*k - 11. Let q be b(8). What is c(q)?
28
Let w(j) = 5*j + 10. Let o(g) = 4*g + 9. Let h(k) = -6*o(k) + 5*w(k). Let z = 49 - 34. Suppose 3*r = -z, -10 = -4*q - 0*q - 2*r. What is h(q)?
1
Let h(q) = 3*q + 3. Let b(j) = -j + 1. Let d(r) = 6*b(r) + h(r). Give d(7).
-12
Let f be (24/(-16))/(1/(-2)). Let t(l) = 0*l**2 + 4*l**2 - l + 7 - 3 + l**f. Calculate t(-4).
8
Let s(r) = -89*r**2 + 46*r**2 + r**3 + r + 53*r**2 + 9. Calculate s(-10).
-1
Let x = -22 - -27. Let a(f) = -f**2 + 3*f + 5. Determine a(x).
-5
Let v(s) be the second derivative of s**4/12 - 5*s**3/6 - 5*s**2/2 - 4*s. Suppose 4*q - 22 = 2. Give v(q).
1
Let u(t) = t**2 - 2*t - 10. Let k be u(5). Let g(y) = -y**2 + 5*y + 4. Give g(k).
4
Let p(l) = 2*l - 2. Let w be p(4). Let k(t) = t**2 - 4*t - 6. Give k(w).
6
Let l(s) = s**2 - 2*s + 2. Suppose 2*m - 28 = -0*m - 4*a, 0 = 2*m - 4*a + 12. What is l(m)?
10
Let i be (-22 - -12)*(-2)/(-15)*3. Let j(n) = n + 2. Determine j(i).
-2
Suppose j = -3*j. Let p = 6 + j. Let o(t) = t**3 - 5*t**2 - 6*t - 5. What is o(p)?
-5
Let i be (-6)/(-2)*(-32)/(-6). Let q = -20 + i. Let x(w) = -w**3 - 3*w**2 + 3*w - 2. Give x(q).
2
Let w(t) = -4*t**3 - 3*t**2 + t + 4. Let z(d) = 5*d**3 + 3*d**2 - d - 5. Let p(b) = -4*w(b) - 3*z(b). Calculate p(-4).
-13
Let k(f) be the first derivative of -f**4/4 + 2*f**3/3 + f**2 + f + 4. Determine k(3).
-2
Suppose -4 = -3*h - 4*c, 2*h - c - 14 = 7. Let l(o) = -o**3 + 7*o**2 + 9*o + 2. Give l(h).
10
Let t = -8 - -4. Let i be t/10 + 22/5. Let n(f) = -f**2 + 3*f + 1. What is n(i)?
-3
Let z(i) = i**2 - 2*i. Let u be 4/6*(1 - 4). Let b be u/(-4) - (-2)/4. Let o = 4 - b. What is z(o)?
3
Let h(n) = n**3 + 6*n**2 + 4*n + 5. Let d = 11 - -8. Suppose -4*s = -4*p + 8, -s = -6*s + 2*p - d. Determine h(s).
10
Let s(h) = -6*h**2. Suppose -j + 26 = -0*j. Let n be (-82)/(-26) - 4/j. Suppose -2*y - 10 = 0, 2*m + 0*y - y - n = 0. Determine s(m).
-6
Let c(l) be the first derivative of l + 1/3*l**3 + 0*l**2 - 2 + 1/4*l**4. Calculate c(0).
1
Suppose u + 5*d + 24 = 0, -3*d - 7 = 5. Let w(c) = -2*c - c - c. Let s(b) = 7*b + 1. Let o(v) = -3*s(v) - 5*w(v). Calculate o(u).
1
Let p(x) be the second derivative of -x**5/120 + x**3/2 - 2*x. Let u(b) be the second derivative of p(b). Calculate u(2).
-2
Let i(d) = -11*d - 1. Let m(g) = -20*g - 3. Let q(c) = -11*i(c) + 6*m(c). Determine q(13).
6
Let k(h) = -9*h**2 + 3*h - 2. Let w(p) = -14*p**2 + 5*p - 3. Let c(q) = 8*k(q) - 5*w(q). Suppose -1 = 3*v - 2*v. Determine c(v).
-2
Let u = -5 - -5. Suppose -3*b = -4*y - 2*b + 12, u = 4*y + 5*b + 12. Let d(q) = q**3 - 2*q**2 - 2*q. What is d(y)?
-4
Let i(k) = k**2 + 9*k + 8. Suppose 4*h + 8 = 3*h. Calculate i(h).
0
Let m = -83 + 77. Let q(t) = -5*t**3 + 3*t + 6. Let l(j) = -11*j**3 - j**2 + 6*j + 12. Let h(x) = -6*l(x) + 13*q(x). Determine h(m).
-12
Let b(m) = m - 4. Let q be b(4). Let j(k) = 5*k**2 - 5*k + 33. Let u(t) = -2*t**2 + 2*t - 16. Let f(z) = -3*j(z) - 7*u(z). What is f(q)?
13
Let g(b) be the third derivative of 0 - 1/8*b**4 - b**2 - 1/2*b**3 + 0*b. Determine g(-3).
6
Let d(n) be the third derivative of -n**5/60 - 5*n**4/24 - n**3/2 + 6*n**2. Calculate d(-5).
-3
Let v(c) = -c**3 - 4*c**2 - 3*c - 6. Let o be v(-4). Let y(g) = g**2 - 8*g + 8. Calculate y(o).
-4
Let g(s) = -s**2 + 6*s - 1. Let o be g(5). Let y(u) = -u**3 + 6*u**2 - 7*u + 4. Calculate y(o).
8
Let h(d) be the first derivative of d**3/3 - 2*d**2 - 6*d + 12. Give h(5).
-1
Let u(i) = -2*i**2 + 2*i + 4. Let r be u(0). Let l(d) = d - 3. What is l(r)?
1
Let f(m) = m**2 + 4*m + 2. Let b(x) = 2*x**2 + 8*x + 5. Let g be 27/12 - (-1)/(-4). Let t(o) = g*b(o) - 5*f(o). Calculate t(-3).
3
Let l(z) = -12*z**2 + 1. Let q(s) = -s**2 + 4*s - 4. Let w(j) = -j**2 - 7*j - 7. Let r be w(-5). Let i be q(r). Give l(i).
-11
Let g(c) be the second derivative of c**3/3 - 2*c**2 + 2*c. Let j(w) = 1. Let u(r) = g(r) + 4*j(r). Calculate u(-1).
-2
Let o(h) = -h - 12. Let f be o(-5). Let p(c) = -c**2 - 9*c - 9. Give p(f).
5
Let m(j) = j**3 - j**2 - j + 2. Let q = 4 + -2. Suppose q*k = 4*k - 4. Calculate m(k).
4
Let m(v) = v**3 + 6*v**2 - v - 1. Let x(n) = -2*n**3 - 7*n**2 + 2. Let f(s) = 3*m(s) + 2*x(s). What is f(2)?
3
Let r(v) be the first derivative of -v**3/3 + 7*v**2/2 - v - 5. Determine r(7).
-1
Let q = -27 + 21. Let w(g) = -g**3 - 5*g**2 + 7*g + 4. Calculate w(q).
-2
Let r(f) = 21*f - 11 + 0 - 8*f - 12*f. Determine r(6).
-5
Let n(g) = g**3 - 6*g**2 - 12*g - 3. Let d(m) = -2*m**3 + 12*m**2 + 23*m + 6. Let u(y) = 6*d(y) + 11*n(y). Calculate u(7).
-4
Suppose 5 = 2*l - 5. Let h(r) = r + 13. Let s be h(-10). Let y(n) = -75 - 2*n**3 - 4*n**2 + 3*n**3 + 69 - s*n. Give y(l).
4
Let h(l) = -l**3 - 8*l**2 + 8*l - 3. Let g(u) = 5*u + 1. Let m be g(-2). Calculate h(m).
6
Let t(v) = -v**2 + 3*v + 6. Let p(h) = -2*h**2 + 6*h + 2. Let i be p(2). Calculate t(i).
-12
Let o = -11 - -7. Let s(w) = -5*w**3 - w + 0*w + 6*w**3 + w**2. Let m(j) = -5*j**3 - 2*j**2 + 5*j + 3. Let v(i) = m(i) + 6*s(i). Determine v(o).
7
Let q(z) = -2*z. Let x(p) = -2*p - 33. Let d be x(-18). Determine q(d).
-6
Let k(b) be the third derivative of 3*b**4/8 + b**3/6 - 4*b**2. What is k(-2)?
-17
Suppose -3*d = -4*v + 9, 6*v = v + 3*d + 15. Let l(j) be the second derivative of j**3/6 + j**2/2 - j. Determine l(v).
7
Let q = 3 - -117. Let j be 2/10 - q/(-25). Let a = 7 - j. Let x(n) = -n**2 + 2*n - 1. What is x(a)?
-1
Let s(d) = 2*d + 0 + 0 - 3. Suppose 2 = -x - 1. Let j(p) = -2*p + 4. Let b(l) = x*j(l) - 4*s(l). What is b(-1)?
2
Let b be -1 - 16/(6/(-3)). Let l(d) = -3 + 3 + 1 + 6*d - d**2 - b. Determine l(5).
-1
Let x(i) = -i. Let y(f) = -3*f - 4. Let t(m) = 2*x(m) - y(m). Give t(-5).
-1
Let h(y) = y**2 - y - 4. Let q(f) = -f + 10. Let x be q(11). Let k be (2/4)/((-3)/30). Let r be 3/5*k/x. Determine h(r).
2
Let a be (14 - 18) + 1*2. Let x(u) = -u**3 + u**2 + 3*u + 2. What is x(a)?
8
Let o(s) be the second derivative of 1/12*s**4 - 3*s - 1/2*s**2 + 0 - 1/6*s**3. What is o(2)?
1
Let b = 28 + -23. Let o(c) be the second derivative of -c**4/12 + 7*c**3/6 - 2*c**2 + c. Give o(b).
6
Let l(g) = 2*g + 9. Let f(w) = w + 5. Let p(r) = 9*f(r) - 4*l(r). Give p(0).
9
Let f(d) = 2*d**2 + 127 - 256 + 131 + 2*d. Let b(m) = -m**3 + 4*m**2 + m - 2. Let w be b(4). Let a be ((-1)/(-1))/(-1)*w. Calculate f(a).
6
Let i(m) = m**3 - 4*m**2 - 3*m + 5. Let w be i(4). Let x = 10 + w. Let l(n) = -2*n - 3. Give l(x).
-9
Let p(c) = -c**3 - c**2 + c - 1. Let w(g) = -4*g**3 - 8*g**2 + 2*g + 1. Let j(o) = 3*p(o) - w(o). Let k be 87/9 + 1/3. Suppose -10 - k = 5*d. Determine j(d).
8
Let n(g) be the first derivative of 3*g**2/2 - g + 1. Suppose -3*b + 6 = -2*b. Suppose 0 = -b*c + 2*c - 12. What is n(c)?
-10
Let o(a) be the second derivative of a**3/6 + 9*a**2/2 + 2*a. Let c be o(-12). Let x(p) = -p**2 - 4*p + 1. Give x(c).
4
Let c(h) = -h**2 - h - 3. Let o(d) = d**3 + 6*d**2 + 7*d + 10. Let k be o(-5). Calculate c(k).
-3
Let r(a) = -8*a**2 - a**3 - 7*a + 17*a + 7 - 15*a. Determine r(-7).
-7
Suppose 3*w + w = 0. Let s(c) = 7 + w*c - 1 + c. Determine s(-3).
3
Let b be -2 - (8/6)/((-8)/(-6)). Let v be (9 - 0) + 2 + -2. Let q be 3/v + 10/b. Let s(j) = j**2 + j - 1. What is s(q)?
5
Let s(q) = q**2 - 6*q - 1 - q**2 + q**2. Suppose 6 = 2*d - 4*o, 24 = 5*d - o - 0*o. Give s(d).
-6
Let b(i) = 4*i**2 + 4*i - 1 + 5 - 5*i**2. Give b(-3).
-17
Suppose -6*v + 2*v - 24 = 0. Let u(h) = 9*h**2 - 23*h - 3. Let i(b) = -5*b**2 + 12*b + 1. Let f(j) = -11*i(j) - 6*u(j). Give f(v).
7
Let t(v) = 5*v - 2. Let i(d) = -d + 1. Let a(l) = 4*i(l) + t(l). Suppose 4*x - 3*x = 3. Suppose 0 = x*h - h. Calculate a(h).
2
Let y(h) be the second derivative of h**7/840 - h**6/360 - h**5/120 + h**3/6 + 3*h. Let z(r) be the second derivative of y(r). Determine z(2).
2
Let k(c) = 1 + c**3 - 23*c**2 - 3*c + 22*c**2 - c**2. Deter